 2*i, 3*g + 5*i + 1 = f*g. Let y(t) = -t**2 - 9*t + 3. Is y(g) composite?
True
Suppose -3*m + 1206 = 5*l - 1255, m = 3*l - 1471. Is l a composite number?
False
Let c be 466 + 1 + (-2 - 0). Suppose 4*u - c = -u. Is u a prime number?
False
Let g = -21 - -70. Is g prime?
False
Let r(f) = -f**3 - f**2 + f + 2235. Let l be r(0). Suppose 0*q = -z + 2*q + 451, 5*z - 5*q = l. Is z a composite number?
False
Let n = 9 - 12. Let w = 30 + -108. Is w/(-3) + 0 + n composite?
False
Suppose 690 = -3*a + 9*a. Suppose u + 5*x - a = 0, -3*u + 400 = -4*x + 55. Is u a composite number?
True
Suppose -r = -5*b + 4432, 0*b + 4*b = 4*r + 3552. Is b composite?
True
Suppose 29 = 4*x - 71. Suppose 0 = -5*m - 0*z + 2*z + x, 0 = m + z + 2. Suppose 354 = 3*u + 3*i, 0*u + m*i + 360 = 3*u. Is u a prime number?
False
Is 4 + -2 + (4 - -139) prime?
False
Let q = 379 - 215. Let i = q - -71. Is i a prime number?
False
Let r be 2*(201/6 - -2). Let i be (-1)/4 + 1491/12. Let a = i - r. Is a prime?
True
Let q(j) be the first derivative of j**6/90 + j**5/60 - j**4/8 + j**3 + 2. Let y(x) be the third derivative of q(x). Is y(3) a composite number?
True
Suppose -2*f - a = -894, -3*f = a - 4*a - 1341. Is f a prime number?
False
Let f(y) = 5*y**2 - 4*y + 10. Let o(q) = -6*q**2 + 4*q - 11. Let d(t) = -2*f(t) - 3*o(t). Is d(7) a prime number?
False
Let y = 4 + -4. Let a(w) = -117*w**3 - w**2 + 2*w + 1. Let l be a(-2). Suppose 4*k - l = -r, y = k - 5*r + 2*r - 242. Is k prime?
True
Let k(x) = 2*x**2 + 7*x - 4. Let u be k(-12). Suppose -c + u = -6*c. Let f = 123 + c. Is f composite?
False
Let g = 179 + -85. Is g a composite number?
True
Let b(u) = -u**3 + 13*u**2 - 11*u - 6. Is b(8) a composite number?
True
Let t = 184 - -453. Let y = 924 - t. Is y a composite number?
True
Let m(x) = x**3 - 10*x**2 - x + 14. Let b be m(10). Suppose 2*y - 186 = b*v, 6*y - 3*v - 367 = 2*y. Is y composite?
True
Suppose -3*m + 5*c - 16 = 0, 0 = m - 0*c - 4*c + 17. Suppose -4*x - 2*v + 80 = -m*x, -5*x = -5*v - 355. Is x composite?
True
Suppose p + x - 9 = 0, -3*p - 7 = -5*x + 6. Let b(r) = -r + 4. Let q be b(p). Suppose q = -2*c - 28 + 78. Is c a prime number?
False
Suppose 3*y = -4*v + 57, 3*y + 27 = 4*y + 4*v. Suppose 0*s = 3*s - y. Suppose j - 2*b - 3*b - 8 = 0, s*b = -j + 38. Is j a composite number?
False
Let y = -13 + 17. Let c be (-15)/(-6)*18/5. Suppose y*x = c*x - 275. Is x a composite number?
True
Let d = 65 - 46. Is d prime?
True
Suppose 4*f = -2014 - 2470. Let m = -1945 - f. Is 3/1 + m/(-4) prime?
False
Let t be 2 - (-1 - -2 - 2). Suppose -w = 0, -n - t*w + 106 = -105. Is n a composite number?
False
Let k(v) = -v + 8. Let a be k(5). Let n(w) = 65*w - 4. Is n(a) a prime number?
True
Let u(d) be the second derivative of d**4 + d**2/2 + 5*d. Suppose -12 = -4*h, 0 = -3*p + 5*p - 5*h + 13. Is u(p) prime?
True
Let n(x) = -x - 1. Let v be n(3). Let l(r) = -3*r + 2. Is l(v) a prime number?
False
Let g = 255 - 100. Is g a prime number?
False
Suppose 3*f - 10 = -2*f. Suppose -1 = c + 3. Is f/4 + (-154)/c prime?
False
Is (5 + 17)*19/2 a prime number?
False
Let b = 27 + -10. Let v = 23 - b. Is v prime?
False
Let z = 1077 - -4. Is z composite?
True
Suppose 2*i = -2*i + 2860. Suppose -t = -3*m - 0*t + i, -3*t - 1189 = -5*m. Is m a composite number?
False
Let n(r) = -3*r. Let w be n(-3). Suppose 0 - 9 = -3*t. Let m = w - t. Is m a prime number?
False
Let w(k) = 5*k + 0 - 1 + 11*k + 4*k. Is w(6) prime?
False
Let x(d) = -d**2 - d. Let o be x(-2). Is (-320 - 2)/(o/1) a composite number?
True
Suppose 4*v = 2*u - 18, 3*u = 2*u + v + 4. Let g = 2 - u. Suppose 0 = i - g*h - 99, -4*h = h + 20. Is i a composite number?
True
Is (2 - 12112/(-3))*(-3)/(-2) a prime number?
False
Suppose 2*q + 7 - 43 = 2*w, 4*q + 32 = -4*w. Is w + 104 + (5 - 1) a prime number?
False
Let a = 110 + -43. Is a a composite number?
False
Let k(p) = -p + 23. Suppose -5*r = -5, 3*w + 4*r + 0 = 13. Suppose 0 = 4*o + y + 3, -4*y - 12 = -o - w*o. Is k(o) a prime number?
True
Suppose b = -b - 18. Is ((-6)/(-4))/(b/(-1758)) composite?
False
Let d(i) = -2*i**2 - 5*i - 2. Let r be d(-9). Let g = r - -205. Is g a prime number?
False
Suppose 0*v - 2*v = -2876. Let k be (-2)/10 + v/(-10). Let t = k - -247. Is t a composite number?
False
Let g = 215 - 390. Let h = g - -434. Is h a prime number?
False
Let t = 1258 - 717. Is t prime?
True
Let o be ((-2)/(-4))/(2/8). Let v(g) = g**2 - g. Let w be v(o). Let q = 1 + w. Is q a prime number?
True
Suppose 4*z + u = 14, 5*z = 5*u + 26 + 4. Suppose 2*x + 154 = 3*x. Suppose 0 = -5*d - 3*r + 469 + x, -3*d + z*r = -397. Is d a prime number?
True
Let s(x) = -12*x - 4. Let d be s(-4). Let r = -23 + d. Is r a composite number?
True
Suppose 79 = -q + 2*q. Is q prime?
True
Suppose 0 = -q + 21 + 53. Is q a prime number?
False
Is (-1)/2*(-2692)/2 composite?
False
Suppose 0 = -5*x + 17 - 2. Let p be 2 - (x + -2 - 6). Let j = p - 1. Is j composite?
True
Let j(v) = -89*v**3 - 8*v**2 + 11*v - 8. Suppose 3 = -3*c - 21. Let s(b) = -30*b**3 - 3*b**2 + 4*b - 3. Let d(k) = c*s(k) + 3*j(k). Is d(-1) a prime number?
False
Let p(s) = s**2 + 8*s + 2. Is p(5) composite?
False
Let z = 37 + -15. Is z a composite number?
True
Suppose -6*l + 248 = -3*l + h, -2*l + 3*h = -147. Suppose 4*j - l = 307. Is j prime?
True
Let m(g) = 6*g**2 - 4*g**2 + 2 - 3 + 3*g**2 + 3*g. Let r be m(2). Is r - 1 - (1 - -2) a prime number?
False
Suppose -3*f + 0 = -9. Suppose 0 = 4*z - f*z - 59. Is z a prime number?
True
Let x(j) = j**3 - 5*j**2 - 9*j - 9. Let y be x(7). Suppose n = y + 262. Suppose 2*s - 176 = -2*c, -3*c - 2*s + n = -7*s. Is c prime?
False
Is (217 - -9)/(4/14) composite?
True
Let g(b) = 4*b + 3. Let v(z) = -6*z - 5. Let i(l) = -8*g(l) - 5*v(l). Let j be i(1). Let r = j + 4. Is r a prime number?
True
Let x = -5 + 7. Suppose 0 = -4*s - 18 - x. Is (-2)/10 + (-126)/s composite?
True
Let z(b) = 11*b - 2. Let a be z(6). Suppose -3*u - a = -5*u + y, -5*y + 83 = 3*u. Is u a composite number?
False
Let i(n) be the first derivative of -n**4/4 - 5*n**2/2 - 5*n - 8. Is i(-4) composite?
False
Suppose -5*g + 77 = 2. Let t = g + 8. Is t a prime number?
True
Let z = 696 - 253. Is z a prime number?
True
Let w(v) = 1 + 2 + 2*v - 7. Let c be w(-7). Let f = 3 - c. Is f composite?
True
Suppose 0 = -5*v + 25, -23 = -n - 3*n - 3*v. Suppose -4*f + 386 = n*s, 6*s - 2*s = 3*f + 761. Let k = s + -129. Is k composite?
True
Suppose -2 = 2*z, -5*q + 3*z + 1811 + 1467 = 0. Is q a prime number?
False
Let u(a) = 743*a - 5. Is u(2) prime?
True
Suppose -j = -0*j - 5*p - 10, 3*p + 6 = 4*j. Suppose 0 = -5*f - 1 + 16, j = -2*y + 4*f + 166. Is y prime?
True
Let a(i) = 33*i. Suppose 4 = o + 3. Let b be a(o). Let h = 48 - b. Is h composite?
True
Let p = 14113 - 7932. Is p a prime number?
False
Suppose i = -6*i - 763. Let p = -7 + 3. Is (7 + p)*i/(-3) a prime number?
True
Suppose 0*s - 2*s = 0. Suppose 0*m - m = s. Suppose -4*o = 4, 116 = v - m*o - o. Is v a composite number?
True
Let k = 20 + -56. Let o = k - -70. Is o a composite number?
True
Suppose 4*v = s - 6*s + 113, -4*s = 4*v - 108. Is v composite?
True
Let q(d) = 95*d + 4. Is q(5) prime?
True
Let i(s) = -190*s**3 + s**2. Let w be -4 - (3 - 4 - 2). Is i(w) prime?
True
Let u be (56/(-5))/((-7)/35). Let l = u - 17. Is l a prime number?
False
Let c be -1 - 0 - (10 + 1). Is (79/4)/((-3)/c) a composite number?
False
Let b = -257 - -414. Is b a composite number?
False
Is (-17448)/(-20)*3 + 1/(-5) a composite number?
False
Suppose 4 = 3*l - 2. Suppose l*x + 2 = 3*x. Suppose 0 = 5*w - x*w - 57. Is w prime?
True
Let s(b) = -110*b - 33. Is s(-4) a composite number?
True
Suppose 2*q + 3*g + 471 = 5*q, g = 1. Is q a prime number?
False
Let v(n) = -n**3 + 5*n**2 + n + 2. Let o be v(5). Let p(f) = f**3 + f**2 + 3*f. Is p(o) prime?
False
Let k(f) = 1115*f + 2. Is k(1) prime?
True
Suppose 4*c - 325 = -2*t + 557, -5*t - c + 2241 = 0. Is t prime?
True
Let t = 800 + -525. Suppose -6*y - 264 = -4*y. Let f = t + y. Is f a composite number?
True
Let m = -16 + -8. Let p be m/(-3 - 51/(-15)). Is p/(-9) - (-1)/3 composite?
False
Let o(g) = -20*g - 11. Suppose -b = -6*b - 40. Is o(b) a composite number?
False
Suppose -10 = 4*c + c. Is -1*(c - -3) - -408 a prime number?
False
Let c(w) = 16*w**2 - 10*w + 11. Is c(8) a prime number?
False
Let v = -7 + 7. Let d(w) = 5